{"id":81,"date":"2026-04-13T13:24:42","date_gmt":"2026-04-13T13:24:42","guid":{"rendered":"https:\/\/lashlift.picknickmedia.se\/?page_id=81"},"modified":"2026-05-04T11:16:33","modified_gmt":"2026-05-04T11:16:33","slug":"hem","status":"publish","type":"page","link":"https:\/\/lashlift.picknickmedia.se\/","title":{"rendered":"Hem"},"content":{"rendered":"<div class=\"et_pb_section_0 et_pb_section et_section_regular et_flex_section\">\n<div class=\"et_pb_row_0 et_pb_row et_flex_row\">\n<div class=\"et_pb_column_0 et_pb_column et_flex_column et_pb_css_mix_blend_mode_passthrough et_flex_column_12_24 et_flex_column_12_24_tablet et_flex_column_24_24_phone\">\n<div class=\"et_pb_heading_0 et_pb_heading et_pb_module et_flex_module\"><div class=\"et_pb_heading_container\"><h2 class=\"et_pb_module_header\">V\u00e4lkommen till Refine Studio<\/h2><\/div><\/div>\n\n<div class=\"et_pb_text_0 et_pb_text et_pb_bg_layout_light et_pb_module et_flex_module\"><div class=\"et_pb_text_inner\"><p>P\u00e5 Refine Studio st\u00e5r det naturliga i fokus. Vi specialiserar oss p\u00e5 behandlingar som f\u00f6rfinar och framh\u00e4ver dina drag, med resultat som f\u00f6renklar din vardag. Med r\u00e4tt behandling sparar du tid framf\u00f6r spegeln p\u00e5 morgonen och kan k\u00e4nna dig fr\u00e4sch och redo direkt du vaknar.<\/p>\n<p>Hos oss kan du v\u00e4lja mellan behandlingar som Lash Lift, Brow Lift, Hybridbryn, Klassisk brynfix och Sockervaxning \u2013 alltid anpassat efter dig och dina \u00f6nskem\u00e5l.<\/p>\n<\/div><\/div>\n\n<div class=\"et_pb_module et_pb_button_module_wrapper et_pb_button_0_wrapper\"><a class=\"et_pb_button_0 et_pb_button et_pb_bg_layout_light et_pb_module et_flex_module\" href=\"\">Boka tid<\/a><\/div>\n<\/div>\n\n<div class=\"et_pb_column_1 et_pb_column et-last-child et_flex_column et_pb_css_mix_blend_mode_passthrough et_flex_column_12_24 et_flex_column_12_24_tablet et_flex_column_24_24_phone\">\n<div class=\"et_pb_image_0 et_pb_image et_pb_image_sticky_tablet et_pb_module et_flex_module\"><span class=\"et_pb_image_wrap\"><img loading=\"lazy\" decoding=\"async\" src=\"https:\/\/lashlift.picknickmedia.se\/wp-content\/uploads\/2026\/04\/produkt-5.png\" title=\"produkt 5\" width=\"880\" height=\"600\" srcset=\"https:\/\/lashlift.picknickmedia.se\/wp-content\/uploads\/2026\/04\/produkt-5.png 880w, https:\/\/lashlift.picknickmedia.se\/wp-content\/uploads\/2026\/04\/produkt-5-480x327.png 480w\" sizes=\"(min-width: 0px) and (max-width: 480px) 480px, (min-width: 481px) 880px, 100vw\" class=\"wp-image-119\" \/><\/span><\/div>\n<\/div>\n<\/div>\n\n<div class=\"et_pb_row_1 et_pb_row et_flex_row\">\n<div class=\"et_pb_column_2 et_pb_column et_flex_column et_pb_css_mix_blend_mode_passthrough et_flex_column_8_24 et_flex_column_8_24_tablet et_flex_column_24_24_phone\">\n<div class=\"et_pb_image_1 et_pb_image et_pb_module et_flex_module\"><span class=\"et_pb_image_wrap\"><img loading=\"lazy\" decoding=\"async\" src=\"https:\/\/lashlift.picknickmedia.se\/wp-content\/uploads\/2026\/04\/produkt-3.png\" title=\"produkt 3\" width=\"300\" height=\"420\" srcset=\"https:\/\/lashlift.picknickmedia.se\/wp-content\/uploads\/2026\/04\/produkt-3.png 300w, https:\/\/lashlift.picknickmedia.se\/wp-content\/uploads\/2026\/04\/produkt-3-214x300.png 214w\" sizes=\"(max-width: 300px) 100vw, 300px\" class=\"wp-image-110\" \/><\/span><\/div>\n\n<div class=\"et_pb_heading_1 et_pb_heading et_pb_module et_flex_module\"><div class=\"et_pb_heading_container\"><h2 class=\"et_pb_module_header\">Fransar & bryn<\/h2><\/div><\/div>\n\n<div class=\"et_pb_text_1 et_pb_text et_pb_bg_layout_light et_pb_module et_flex_module\"><div class=\"et_pb_text_inner\"><p>Vi hj\u00e4lper dig att framh\u00e4va dina naturliga drag med professionella behandlingar f\u00f6r fransar och bryn. Med lashlift och browlift skapar vi ett piggare uttryck och en form som h\u00e5ller l\u00e4nge \u2013 utan behov av daglig styling. Resultatet \u00e4r naturligt, h\u00e5llbart och anpassat efter just dig.<\/p>\n<\/div><\/div>\n<\/div>\n\n<div class=\"et_pb_column_3 et_pb_column et_flex_column et_pb_css_mix_blend_mode_passthrough et_flex_column_8_24 et_flex_column_8_24_tablet et_flex_column_24_24_phone\">\n<div class=\"et_pb_image_2 et_pb_image et_pb_module et_flex_module\"><span class=\"et_pb_image_wrap\"><img loading=\"lazy\" decoding=\"async\" src=\"https:\/\/lashlift.picknickmedia.se\/wp-content\/uploads\/2026\/04\/produkt-2.png\" title=\"produkt 2\" width=\"300\" height=\"420\" srcset=\"https:\/\/lashlift.picknickmedia.se\/wp-content\/uploads\/2026\/04\/produkt-2.png 300w, https:\/\/lashlift.picknickmedia.se\/wp-content\/uploads\/2026\/04\/produkt-2-214x300.png 214w\" sizes=\"(max-width: 300px) 100vw, 300px\" class=\"wp-image-109\" \/><\/span><\/div>\n\n<div class=\"et_pb_heading_2 et_pb_heading et_pb_module et_flex_module\"><div class=\"et_pb_heading_container\"><h2 class=\"et_pb_module_header\">Sockervaxning<\/h2><\/div><\/div>\n\n<div class=\"et_pb_text_2 et_pb_text et_pb_bg_layout_light et_pb_module et_flex_module\"><div class=\"et_pb_text_inner\"><p>Sockervaxning \u00e4r en naturlig och skonsam metod f\u00f6r effektiv h\u00e5rborttagning. Behandlingen \u00e4r mild mot huden och passar \u00e4ven dig med k\u00e4nslig hud. H\u00e5ren avl\u00e4gsnas i sin naturliga v\u00e4xtriktning, vilket minskar risken f\u00f6r irritation och in\u00e5tv\u00e4xande h\u00e5r \u2013 samtidigt som huden l\u00e4mnas mjuk och len.<\/p>\n<\/div><\/div>\n<\/div>\n\n<div class=\"et_pb_column_4 et_pb_column et-last-child et_flex_column et_pb_css_mix_blend_mode_passthrough et_flex_column_8_24 et_flex_column_8_24_tablet et_flex_column_24_24_phone\">\n<div class=\"et_pb_image_3 et_pb_image et_pb_module et_flex_module\"><span class=\"et_pb_image_wrap\"><img loading=\"lazy\" decoding=\"async\" src=\"https:\/\/lashlift.picknickmedia.se\/wp-content\/uploads\/2026\/04\/produkt-1.png\" title=\"produkt 1\" width=\"300\" height=\"420\" srcset=\"https:\/\/lashlift.picknickmedia.se\/wp-content\/uploads\/2026\/04\/produkt-1.png 300w, https:\/\/lashlift.picknickmedia.se\/wp-content\/uploads\/2026\/04\/produkt-1-214x300.png 214w\" sizes=\"(max-width: 300px) 100vw, 300px\" class=\"wp-image-108\" \/><\/span><\/div>\n\n<div class=\"et_pb_heading_3 et_pb_heading et_pb_module et_flex_module\"><div class=\"et_pb_heading_container\"><h2 class=\"et_pb_module_header\">Tr\u00e5dning<\/h2><\/div><\/div>\n\n<div class=\"et_pb_text_3 et_pb_text et_pb_bg_layout_light et_pb_module et_flex_module\"><div class=\"et_pb_text_inner\"><p>Tr\u00e5dning \u00e4r en skonsam och exakt metod f\u00f6r h\u00e5rborttagning, perfekt f\u00f6r k\u00e4nsliga omr\u00e5den som ansikte och bryn. Med precision formar vi dina bryn och avl\u00e4gsnar o\u00f6nskad h\u00e5rv\u00e4xt f\u00f6r ett rent och definierat resultat. Metoden \u00e4r snabb, hygienisk och ger ett l\u00e5ngvarigt fint resultat.<\/p>\n<\/div><\/div>\n<\/div>\n<\/div>\n<\/div>\n\n<div class=\"et_pb_section_1 et_pb_section et_section_regular et_flex_section\">\n<div class=\"et_pb_row_2 et_pb_row et_flex_row\">\n<div class=\"et_pb_column_5 et_pb_column et-last-child et_flex_column et_pb_css_mix_blend_mode_passthrough et_flex_column_24_24 et_flex_column_24_24_tablet et_flex_column_24_24_phone\">\n<ul class=\"et_pb_social_media_follow_0 et_pb_social_media_follow et_pb_bg_layout_light et_pb_module et_flex_module\">\n<li class=\"et_pb_social_media_follow_network_0 et_pb_social_media_follow_network et_pb_social_icon et_pb_social_network_link et-social-facebook et_pb_module et_flex_module\"><a href=\"#\" class=\"icon\" target=\"_self\" title=\"F\u00f6lj p\u00e5 Facebook\" rel=\"noopener\"><span class=\"et_pb_social_media_follow_network_name\">F\u00f6lj<\/span><\/a><\/li>\n\n<li class=\"et_pb_social_media_follow_network_1 et_pb_social_media_follow_network et_pb_social_icon et_pb_social_network_link et-social-instagram et_pb_module et_flex_module\"><a href=\"#\" class=\"icon\" target=\"_self\" title=\"F\u00f6lj p\u00e5 Instagram\" rel=\"noopener\"><span class=\"et_pb_social_media_follow_network_name\">F\u00f6lj<\/span><\/a><\/li>\n<\/ul>\n<\/div>\n<\/div>\n<\/div>\n\n<div class=\"et_pb_section_2 et_pb_section et_section_regular et_flex_section\">\n<div class=\"et_pb_row_3 et_pb_row et_flex_row\">\n<div class=\"et_pb_column_6 et_pb_column et-last-child et_flex_column et_pb_css_mix_blend_mode_passthrough et_flex_column_24_24 et_flex_column_24_24_tablet et_flex_column_24_24_phone\">\n<ul class=\"et_pb_social_media_follow_1 et_pb_social_media_follow et_pb_bg_layout_light et_pb_module et_flex_module\">\n<li class=\"et_pb_social_media_follow_network_2 et_pb_social_media_follow_network et_pb_social_icon et_pb_social_network_link et-social-facebook et_pb_module et_flex_module\"><a href=\"#\" class=\"icon\" target=\"_self\" title=\"F\u00f6lj p\u00e5 Facebook\" rel=\"noopener\"><span class=\"et_pb_social_media_follow_network_name\">F\u00f6lj<\/span><\/a><\/li>\n\n<li class=\"et_pb_social_media_follow_network_3 et_pb_social_media_follow_network et_pb_social_icon et_pb_social_network_link et-social-instagram et_pb_module et_flex_module\"><a href=\"#\" class=\"icon\" target=\"_self\" title=\"F\u00f6lj p\u00e5 Instagram\" rel=\"noopener\"><span class=\"et_pb_social_media_follow_network_name\">F\u00f6lj<\/span><\/a><\/li>\n<\/ul>\n<\/div>\n<\/div>\n<\/div>\n\n<div class=\"et_pb_section_3 et_pb_section et_section_regular et_flex_section\">\n<div class=\"et_pb_row_4 et_pb_row et_flex_row\">\n<div class=\"et_pb_column_7 et_pb_column et-last-child et_flex_column et_pb_css_mix_blend_mode_passthrough et_flex_column_24_24 et_flex_column_24_24_tablet et_flex_column_24_24_phone\">\n<div class=\"et_pb_heading_4 et_pb_heading et_pb_module et_flex_module\"><div class=\"et_pb_heading_container\"><h2 class=\"et_pb_module_header\">M\u00f6t oss p\u00e5 Refine<\/h2><\/div><\/div>\n<\/div>\n<\/div>\n\n<div class=\"et_pb_row_5 et_pb_row et_flex_row\">\n<div class=\"et_pb_column_8 et_pb_column et_flex_column et_pb_css_mix_blend_mode_passthrough et_flex_column_8_24 et_flex_column_8_24_tablet et_flex_column_24_24_phone\">\n<div class=\"et_pb_image_4 et_pb_image et_pb_module et_flex_module\"><span class=\"et_pb_image_wrap\"><img loading=\"lazy\" decoding=\"async\" src=\"https:\/\/lashlift.picknickmedia.se\/wp-content\/uploads\/2026\/04\/tjej-2.jpg\" title=\"tjej 2\" width=\"884\" height=\"1250\" srcset=\"https:\/\/lashlift.picknickmedia.se\/wp-content\/uploads\/2026\/04\/tjej-2.jpg 884w, https:\/\/lashlift.picknickmedia.se\/wp-content\/uploads\/2026\/04\/tjej-2-480x679.jpg 480w\" sizes=\"(min-width: 0px) and (max-width: 480px) 480px, (min-width: 481px) 884px, 100vw\" class=\"wp-image-126\" \/><\/span><\/div>\n\n<div class=\"et_pb_heading_5 et_pb_heading et_pb_module et_flex_module\"><div class=\"et_pb_heading_container\"><h4 class=\"et_pb_module_header\">Din Titel Hamnar H\u00e4r<\/h4><\/div><\/div>\n\n<div class=\"et_pb_text_4 et_pb_text et_pb_bg_layout_light et_pb_module et_flex_module\"><div class=\"et_pb_text_inner\"><p>Ditt inneh\u00e5ll hamnar h\u00e4r. Redigera eller ta bort den h\u00e4r texten direkt eller i modulens Inneh\u00e5llsinst\u00e4llningar. Du kan ocks\u00e5 styla alla delar av detta inneh\u00e5ll i modulens Designinst\u00e4llningar och till och med l\u00e4gga till anpassad CSS f\u00f6r denna text i modulens Avancerade inst\u00e4llningar.<\/p>\n<\/div><\/div>\n<\/div>\n\n<div class=\"et_pb_column_9 et_pb_column et_flex_column et_pb_css_mix_blend_mode_passthrough et_flex_column_8_24 et_flex_column_8_24_tablet et_flex_column_24_24_phone\">\n<div class=\"et_pb_image_5 et_pb_image et_pb_module et_flex_module\"><span class=\"et_pb_image_wrap\"><img loading=\"lazy\" decoding=\"async\" src=\"https:\/\/lashlift.picknickmedia.se\/wp-content\/uploads\/2026\/04\/tjej-1.jpg\" title=\"tjej 1\" width=\"884\" height=\"1250\" srcset=\"https:\/\/lashlift.picknickmedia.se\/wp-content\/uploads\/2026\/04\/tjej-1.jpg 884w, https:\/\/lashlift.picknickmedia.se\/wp-content\/uploads\/2026\/04\/tjej-1-480x679.jpg 480w\" sizes=\"(min-width: 0px) and (max-width: 480px) 480px, (min-width: 481px) 884px, 100vw\" class=\"wp-image-125\" \/><\/span><\/div>\n\n<div class=\"et_pb_heading_6 et_pb_heading et_pb_module et_flex_module\"><div class=\"et_pb_heading_container\"><h4 class=\"et_pb_module_header\">Din Titel Hamnar H\u00e4r<\/h4><\/div><\/div>\n\n<div class=\"et_pb_text_5 et_pb_text et_pb_bg_layout_light et_pb_module et_flex_module\"><div class=\"et_pb_text_inner\"><p>Ditt inneh\u00e5ll hamnar h\u00e4r. Redigera eller ta bort den h\u00e4r texten direkt eller i modulens Inneh\u00e5llsinst\u00e4llningar. Du kan ocks\u00e5 styla alla delar av detta inneh\u00e5ll i modulens Designinst\u00e4llningar och till och med l\u00e4gga till anpassad CSS f\u00f6r denna text i modulens Avancerade inst\u00e4llningar.<\/p>\n<\/div><\/div>\n<\/div>\n\n<div class=\"et_pb_column_10 et_pb_column et-last-child et_flex_column et_pb_css_mix_blend_mode_passthrough et_flex_column_8_24 et_flex_column_8_24_tablet et_flex_column_24_24_phone\">\n<div class=\"et_pb_image_6 et_pb_image et_pb_module et_flex_module\"><span class=\"et_pb_image_wrap\"><img loading=\"lazy\" decoding=\"async\" src=\"https:\/\/lashlift.picknickmedia.se\/wp-content\/uploads\/2026\/04\/R-utan-bakgrund-ratt-storlek.png\" title=\"R utan bakgrund r\u00e4tt storlek\" width=\"2000\" height=\"2200\" srcset=\"https:\/\/lashlift.picknickmedia.se\/wp-content\/uploads\/2026\/04\/R-utan-bakgrund-ratt-storlek.png 2000w, https:\/\/lashlift.picknickmedia.se\/wp-content\/uploads\/2026\/04\/R-utan-bakgrund-ratt-storlek-1280x1408.png 1280w, https:\/\/lashlift.picknickmedia.se\/wp-content\/uploads\/2026\/04\/R-utan-bakgrund-ratt-storlek-980x1078.png 980w, https:\/\/lashlift.picknickmedia.se\/wp-content\/uploads\/2026\/04\/R-utan-bakgrund-ratt-storlek-480x528.png 480w\" sizes=\"(min-width: 0px) and (max-width: 480px) 480px, (min-width: 481px) and (max-width: 980px) 980px, (min-width: 981px) and (max-width: 1280px) 1280px, (min-width: 1281px) 2000px, 100vw\" class=\"wp-image-131\" \/><\/span><\/div>\n\n<div class=\"et_pb_image_7 et_pb_image et_pb_module et_flex_module\"><span class=\"et_pb_image_wrap\"><img loading=\"lazy\" decoding=\"async\" src=\"https:\/\/lashlift.picknickmedia.se\/wp-content\/uploads\/2026\/04\/refine-studio-ratt-storlek.png\" title=\"refine studio r\u00e4tt storlek\" width=\"900\" height=\"300\" srcset=\"https:\/\/lashlift.picknickmedia.se\/wp-content\/uploads\/2026\/04\/refine-studio-ratt-storlek.png 900w, https:\/\/lashlift.picknickmedia.se\/wp-content\/uploads\/2026\/04\/refine-studio-ratt-storlek-480x160.png 480w\" sizes=\"(min-width: 0px) and (max-width: 480px) 480px, (min-width: 481px) 900px, 100vw\" class=\"wp-image-132\" \/><\/span><\/div>\n<\/div>\n<\/div>\n<\/div>\n\n<div class=\"et_pb_section_4 et_pb_section et_section_regular et_flex_section\">\n<div class=\"et_pb_row_6 et_pb_row et_flex_row\">\n<div class=\"et_pb_column_11 et_pb_column et-last-child et_flex_column et_pb_css_mix_blend_mode_passthrough et_flex_column_24_24 et_flex_column_24_24_tablet et_flex_column_24_24_phone\">\n<div class=\"et_pb_heading_7 et_pb_heading et_pb_module et_flex_module\"><div class=\"et_pb_heading_container\"><h2 class=\"et_pb_module_header\">Hitta till oss<\/h2><\/div><\/div>\n\n<div class=\"et_pb_map_0 et_pb_map_container et_pb_module et_flex_module\" data-grayscale=\"100\"><div class=\"et_pb_map\" data-center-lat=\"64.7556406\" data-center-lng=\"20.9564729\" data-zoom=\"18\" data-mouse-wheel=\"on\" data-mobile-dragging=\"on\"><\/div>\n<div class=\"et_pb_map_pin_0 et_pb_map_pin\" data-lat=\"64.7556406\" data-lng=\"20.9564729\" data-title=\"\"><\/div>\n<\/div>\n<\/div>\n<\/div>\n<\/div>","protected":false},"excerpt":{"rendered":"","protected":false},"author":2,"featured_media":0,"parent":0,"menu_order":0,"comment_status":"closed","ping_status":"closed","template":"","meta":{"footnotes":""},"class_list":["post-81","page","type-page","status-publish","hentry"],"_links":{"self":[{"href":"https:\/\/lashlift.picknickmedia.se\/index.php\/wp-json\/wp\/v2\/pages\/81","targetHints":{"allow":["GET"]}}],"collection":[{"href":"https:\/\/lashlift.picknickmedia.se\/index.php\/wp-json\/wp\/v2\/pages"}],"about":[{"href":"https:\/\/lashlift.picknickmedia.se\/index.php\/wp-json\/wp\/v2\/types\/page"}],"author":[{"embeddable":true,"href":"https:\/\/lashlift.picknickmedia.se\/index.php\/wp-json\/wp\/v2\/users\/2"}],"replies":[{"embeddable":true,"href":"https:\/\/lashlift.picknickmedia.se\/index.php\/wp-json\/wp\/v2\/comments?post=81"}],"version-history":[{"count":31,"href":"https:\/\/lashlift.picknickmedia.se\/index.php\/wp-json\/wp\/v2\/pages\/81\/revisions"}],"predecessor-version":[{"id":160,"href":"https:\/\/lashlift.picknickmedia.se\/index.php\/wp-json\/wp\/v2\/pages\/81\/revisions\/160"}],"wp:attachment":[{"href":"https:\/\/lashlift.picknickmedia.se\/index.php\/wp-json\/wp\/v2\/media?parent=81"}],"curies":[{"name":"wp","href":"https:\/\/api.w.org\/{rel}","templated":true}]}}